{"id":7,"date":"2025-12-17T15:39:42","date_gmt":"2025-12-17T15:39:42","guid":{"rendered":"https:\/\/chefkhadija.com\/index.php\/cart\/"},"modified":"2025-12-23T12:13:59","modified_gmt":"2025-12-23T12:13:59","slug":"cart","status":"publish","type":"page","link":"https:\/\/chefkhadija.com\/%d8%b9%d8%b1%d8%a8%d9%8a\/cart\/","title":{"rendered":"\u0627\u0644\u0633\u0644\u0629"},"content":{"rendered":"<div data-block-name=\"woocommerce\/cart\" class=\"wp-block-woocommerce-cart is-loading\">\n<div data-block-name=\"woocommerce\/filled-cart-block\" class=\"wp-block-woocommerce-filled-cart-block\">\n<div data-block-name=\"woocommerce\/cart-items-block\" class=\"wp-block-woocommerce-cart-items-block\">\n<div data-block-name=\"woocommerce\/cart-line-items-block\" class=\"wp-block-woocommerce-cart-line-items-block\"><\/div>\n\n\n<\/div>\n\n\n\n<div data-block-name=\"woocommerce\/cart-totals-block\" class=\"wp-block-woocommerce-cart-totals-block\">\n<div data-block-name=\"woocommerce\/cart-order-summary-block\" class=\"wp-block-woocommerce-cart-order-summary-block\">\n<div data-block-name=\"woocommerce\/cart-order-summary-heading-block\" data-content=\"Total panier\" class=\"wp-block-woocommerce-cart-order-summary-heading-block\"><\/div>\n\n\n\n<div data-block-name=\"woocommerce\/cart-order-summary-coupon-form-block\" class=\"wp-block-woocommerce-cart-order-summary-coupon-form-block\"><\/div>\n\n\n\n<div data-block-name=\"woocommerce\/cart-order-summary-totals-block\" class=\"wp-block-woocommerce-cart-order-summary-totals-block\">\n<div data-block-name=\"woocommerce\/cart-order-summary-subtotal-block\" class=\"wp-block-woocommerce-cart-order-summary-subtotal-block\"><\/div>\n\n\n\n<div data-block-name=\"woocommerce\/cart-order-summary-fee-block\" class=\"wp-block-woocommerce-cart-order-summary-fee-block\"><\/div>\n\n\n\n<div data-block-name=\"woocommerce\/cart-order-summary-discount-block\" class=\"wp-block-woocommerce-cart-order-summary-discount-block\"><\/div>\n\n\n\n<div data-block-name=\"woocommerce\/cart-order-summary-shipping-block\" class=\"wp-block-woocommerce-cart-order-summary-shipping-block\"><\/div>\n\n\n\n<div data-block-name=\"woocommerce\/cart-order-summary-taxes-block\" class=\"wp-block-woocommerce-cart-order-summary-taxes-block\"><\/div>\n<\/div>\n<\/div>\n\n\n\n<div data-block-name=\"woocommerce\/cart-express-payment-block\" class=\"wp-block-woocommerce-cart-express-payment-block\"><\/div>\n\n\n\n<div data-block-name=\"woocommerce\/proceed-to-checkout-block\" class=\"wp-block-woocommerce-proceed-to-checkout-block\"><\/div>\n\n\n\n<div data-block-name=\"woocommerce\/cart-accepted-payment-methods-block\" class=\"wp-block-woocommerce-cart-accepted-payment-methods-block\"><\/div>\n<\/div>\n<\/div>\n\n\n\n<div data-block-name=\"woocommerce\/empty-cart-block\" class=\"wp-block-woocommerce-empty-cart-block\">\n<h2 class=\"wp-block-heading has-text-align-center with-empty-cart-icon wc-block-cart__empty-cart__title\">Your cart is currently empty!<\/h2>\n\n\n\n<hr class=\"wp-block-separator has-alpha-channel-opacity is-style-dots\"\/>\n\n\n\n<h2 class=\"wp-block-heading has-text-align-center\">New in store<\/h2>\n\n\n<div data-block-name=\"woocommerce\/product-new\" data-columns=\"4\" data-rows=\"1\" class=\"wc-block-grid wp-block-product-new wp-block-woocommerce-product-new wc-block-product-new has-4-columns\"><ul class=\"wc-block-grid__products\"><li class=\"wc-block-grid__product\">\n\t\t\t\t<a href=\"https:\/\/chefkhadija.com\/%d8%b9%d8%b1%d8%a8%d9%8a\/product\/pack-3-poulets-entiers-frais-nettoyes-prets-a-cuisiner\/\" class=\"wc-block-grid__product-link\">\n\t\t\t\t\t\n\t\t\t\t\t<div class=\"wc-block-grid__product-image\"><img decoding=\"async\" width=\"300\" height=\"300\" src=\"https:\/\/chefkhadija.com\/wp-content\/uploads\/2025\/12\/Copie-de-urbanity-4-1-300x300.png\" class=\"attachment-woocommerce_thumbnail size-woocommerce_thumbnail\" alt=\"\u062f\u062c\u0627\u062c\u0629 \u0643\u0627\u0645\u0644\u0629 \u2013 Poulets Entiers Frais \u2013 Nettoy\u00e9s &amp; Pr\u00eats \u00e0 Cuisiner\" srcset=\"https:\/\/chefkhadija.com\/wp-content\/uploads\/2025\/12\/Copie-de-urbanity-4-1-300x300.png 300w, https:\/\/chefkhadija.com\/wp-content\/uploads\/2025\/12\/Copie-de-urbanity-4-1-100x100.png 100w, https:\/\/chefkhadija.com\/wp-content\/uploads\/2025\/12\/Copie-de-urbanity-4-1-600x600.png 600w, https:\/\/chefkhadija.com\/wp-content\/uploads\/2025\/12\/Copie-de-urbanity-4-1-1024x1024.png 1024w, https:\/\/chefkhadija.com\/wp-content\/uploads\/2025\/12\/Copie-de-urbanity-4-1-150x150.png 150w, https:\/\/chefkhadija.com\/wp-content\/uploads\/2025\/12\/Copie-de-urbanity-4-1-768x768.png 768w, https:\/\/chefkhadija.com\/wp-content\/uploads\/2025\/12\/Copie-de-urbanity-4-1-12x12.png 12w, https:\/\/chefkhadija.com\/wp-content\/uploads\/2025\/12\/Copie-de-urbanity-4-1.png 1080w\" sizes=\"(max-width: 300px) 100vw, 300px\" \/><\/div>\n\t\t\t\t\t<div class=\"wc-block-grid__product-title\">\u062f\u062c\u0627\u062c\u0629 \u0643\u0627\u0645\u0644\u0629 \u2013 Poulets Entiers Frais \u2013 Nettoy\u00e9s &amp; Pr\u00eats \u00e0 Cuisiner<\/div>\n\t\t\t\t<\/a>\n\t\t\t\t<div class=\"wc-block-grid__product-price price\"><span class=\"woocommerce-Price-amount amount\" aria-hidden=\"true\"><span class=\"woocommerce-Price-currencySymbol\">&#x62f;.&#x645;.<\/span>&nbsp;17,00<\/span> <span aria-hidden=\"true\">&ndash;<\/span> <span class=\"woocommerce-Price-amount amount\" aria-hidden=\"true\"><span class=\"woocommerce-Price-currencySymbol\">&#x62f;.&#x645;.<\/span>&nbsp;35,00<\/span><span class=\"screen-reader-text\" data-no-translation=\"\" data-trp-gettext=\"\">Price range: &#x62f;.&#x645;.&nbsp;17,00 through &#x62f;.&#x645;.&nbsp;35,00<\/span><\/div>\n\t\t\t\t\n\t\t\t\t<div class=\"wp-block-button wc-block-grid__product-add-to-cart\"><a href=\"https:\/\/chefkhadija.com\/%d8%b9%d8%b1%d8%a8%d9%8a\/product\/pack-3-poulets-entiers-frais-nettoyes-prets-a-cuisiner\/\" aria-label=\"Select options for \u201c\u062f\u062c\u0627\u062c\u0629 \u0643\u0627\u0645\u0644\u0629 \u2013 Poulets Entiers Frais \u2013 Nettoy\u00e9s &amp; Pr\u00eats \u00e0 Cuisiner\u201d\" data-quantity=\"1\" data-product_id=\"5743\" data-product_sku=\"\" data-price=\"17\" rel=\"nofollow\" class=\"wp-block-button__link  add_to_cart_button\" data-no-translation-aria-label=\"\">\u0627\u0628\u062f\u0623 \u0627\u0644\u062a\u0633\u0648\u0642<\/a><\/div>\n\t\t\t<\/li><li class=\"wc-block-grid__product\">\n\t\t\t\t<a href=\"https:\/\/chefkhadija.com\/%d8%b9%d8%b1%d8%a8%d9%8a\/product\/farm-fresh-eggs\/\" class=\"wc-block-grid__product-link\">\n\t\t\t\t\t<div class=\"wc-block-grid__product-onsale\">\n\t\t\t<span aria-hidden=\"true\" data-no-translation=\"\" data-trp-gettext=\"\">\u062a\u062e\u0641\u064a\u0636<\/span>\n\t\t\t<span class=\"screen-reader-text\" data-no-translation=\"\" data-trp-gettext=\"\">\u062a\u0645\u0646 \u062a\u062e\u0641\u064a\u0636\u064a<\/span>\n\t\t<\/div>\n\t\t\t\t\t<div class=\"wc-block-grid__product-image\"><img decoding=\"async\" width=\"300\" height=\"300\" src=\"https:\/\/chefkhadija.com\/wp-content\/uploads\/2025\/12\/Copie-de-urbanity-3-300x300.png\" class=\"attachment-woocommerce_thumbnail size-woocommerce_thumbnail\" alt=\"\u0628\u0631\u0648\u0634\u064a\u0637 \u0635\u062f\u0631 \u062f\u062c\u0627\u062c \u2013 Brochettes de poulet \u2013 pr\u00eates \u00e0 cuire\" srcset=\"https:\/\/chefkhadija.com\/wp-content\/uploads\/2025\/12\/Copie-de-urbanity-3-300x300.png 300w, https:\/\/chefkhadija.com\/wp-content\/uploads\/2025\/12\/Copie-de-urbanity-3-100x100.png 100w, https:\/\/chefkhadija.com\/wp-content\/uploads\/2025\/12\/Copie-de-urbanity-3-600x600.png 600w, https:\/\/chefkhadija.com\/wp-content\/uploads\/2025\/12\/Copie-de-urbanity-3-1024x1024.png 1024w, https:\/\/chefkhadija.com\/wp-content\/uploads\/2025\/12\/Copie-de-urbanity-3-150x150.png 150w, https:\/\/chefkhadija.com\/wp-content\/uploads\/2025\/12\/Copie-de-urbanity-3-768x768.png 768w, https:\/\/chefkhadija.com\/wp-content\/uploads\/2025\/12\/Copie-de-urbanity-3-12x12.png 12w, https:\/\/chefkhadija.com\/wp-content\/uploads\/2025\/12\/Copie-de-urbanity-3.png 1080w\" sizes=\"(max-width: 300px) 100vw, 300px\" \/><\/div>\n\t\t\t\t\t<div class=\"wc-block-grid__product-title\">\u0628\u0631\u0648\u0634\u064a\u0637 \u0635\u062f\u0631\u062f\u062c\u0627\u062c \u2013 \u062c\u0627\u0647\u0632 \u0644\u0644\u0637\u0647\u064a<\/div>\n\t\t\t\t<\/a>\n\t\t\t\t<div class=\"wc-block-grid__product-price price\"><span class=\"woocommerce-Price-amount amount\" aria-hidden=\"true\"><span class=\"woocommerce-Price-currencySymbol\">&#x62f;.&#x645;.<\/span>&nbsp;28,00<\/span> <span aria-hidden=\"true\">&ndash;<\/span> <span class=\"woocommerce-Price-amount amount\" aria-hidden=\"true\"><span class=\"woocommerce-Price-currencySymbol\">&#x62f;.&#x645;.<\/span>&nbsp;55,00<\/span><span class=\"screen-reader-text\" data-no-translation=\"\" data-trp-gettext=\"\">Price range: &#x62f;.&#x645;.&nbsp;28,00 through &#x62f;.&#x645;.&nbsp;55,00<\/span><\/div>\n\t\t\t\t\n\t\t\t\t<div class=\"wp-block-button wc-block-grid__product-add-to-cart\"><a href=\"https:\/\/chefkhadija.com\/%d8%b9%d8%b1%d8%a8%d9%8a\/product\/farm-fresh-eggs\/\" aria-label=\"Select options for \u201c\u0628\u0631\u0648\u0634\u064a\u0637 \u0635\u062f\u0631 \u062f\u062c\u0627\u062c \u2013 Brochettes de poulet \u2013 pr\u00eates \u00e0 cuire\u201d\" data-quantity=\"1\" data-product_id=\"3678\" data-product_sku=\"\" data-price=\"28\" rel=\"nofollow\" class=\"wp-block-button__link  add_to_cart_button\" data-no-translation-aria-label=\"\">\u0627\u0628\u062f\u0623 \u0627\u0644\u062a\u0633\u0648\u0642<\/a><\/div>\n\t\t\t<\/li><li class=\"wc-block-grid__product\">\n\t\t\t\t<a href=\"https:\/\/chefkhadija.com\/%d8%b9%d8%b1%d8%a8%d9%8a\/product\/fresh-organic-honey\/\" class=\"wc-block-grid__product-link\">\n\t\t\t\t\t\n\t\t\t\t\t<div class=\"wc-block-grid__product-image\"><img decoding=\"async\" width=\"300\" height=\"300\" src=\"https:\/\/chefkhadija.com\/wp-content\/uploads\/2025\/12\/Copie-de-urbanity-2-300x300.png\" class=\"attachment-woocommerce_thumbnail size-woocommerce_thumbnail\" alt=\"\u0627\u0644\u0623\u062c\u0646\u062d\u0629 \u0648\u0627\u0644\u0623\u0643\u062a\u0627\u0641 \u2013 Ailes et \u00e9paules de poulet \u2013 pr\u00e9paration maison\" srcset=\"https:\/\/chefkhadija.com\/wp-content\/uploads\/2025\/12\/Copie-de-urbanity-2-300x300.png 300w, https:\/\/chefkhadija.com\/wp-content\/uploads\/2025\/12\/Copie-de-urbanity-2-100x100.png 100w, https:\/\/chefkhadija.com\/wp-content\/uploads\/2025\/12\/Copie-de-urbanity-2-600x600.png 600w, https:\/\/chefkhadija.com\/wp-content\/uploads\/2025\/12\/Copie-de-urbanity-2-1024x1024.png 1024w, https:\/\/chefkhadija.com\/wp-content\/uploads\/2025\/12\/Copie-de-urbanity-2-150x150.png 150w, https:\/\/chefkhadija.com\/wp-content\/uploads\/2025\/12\/Copie-de-urbanity-2-768x768.png 768w, https:\/\/chefkhadija.com\/wp-content\/uploads\/2025\/12\/Copie-de-urbanity-2-12x12.png 12w, https:\/\/chefkhadija.com\/wp-content\/uploads\/2025\/12\/Copie-de-urbanity-2.png 1080w\" sizes=\"(max-width: 300px) 100vw, 300px\" \/><\/div>\n\t\t\t\t\t<div class=\"wc-block-grid__product-title\">\u0623\u062c\u0646\u062d\u0629 \u0648\u0643\u062a\u0641 \u062f\u062c\u0627\u062c - \u062a\u062d\u0636\u064a\u0631 \u0645\u0646\u0632\u0644\u064a<\/div>\n\t\t\t\t<\/a>\n\t\t\t\t<div class=\"wc-block-grid__product-price price\"><span class=\"woocommerce-Price-amount amount\" aria-hidden=\"true\"><span class=\"woocommerce-Price-currencySymbol\">&#x62f;.&#x645;.<\/span>&nbsp;13,00<\/span> <span aria-hidden=\"true\">&ndash;<\/span> <span class=\"woocommerce-Price-amount amount\" aria-hidden=\"true\"><span class=\"woocommerce-Price-currencySymbol\">&#x62f;.&#x645;.<\/span>&nbsp;25,00<\/span><span class=\"screen-reader-text\" data-no-translation=\"\" data-trp-gettext=\"\">Price range: &#x62f;.&#x645;.&nbsp;13,00 through &#x62f;.&#x645;.&nbsp;25,00<\/span><\/div>\n\t\t\t\t\n\t\t\t\t<div class=\"wp-block-button wc-block-grid__product-add-to-cart\"><a href=\"https:\/\/chefkhadija.com\/%d8%b9%d8%b1%d8%a8%d9%8a\/product\/fresh-organic-honey\/\" aria-label=\"Select options for \u201c\u0627\u0644\u0623\u062c\u0646\u062d\u0629 \u0648\u0627\u0644\u0623\u0643\u062a\u0627\u0641 \u2013 Ailes et \u00e9paules de poulet \u2013 pr\u00e9paration maison\u201d\" data-quantity=\"1\" data-product_id=\"3677\" data-product_sku=\"kg\" data-price=\"13\" rel=\"nofollow\" class=\"wp-block-button__link  add_to_cart_button\" data-no-translation-aria-label=\"\">\u0627\u0628\u062f\u0623 \u0627\u0644\u062a\u0633\u0648\u0642<\/a><\/div>\n\t\t\t<\/li><li class=\"wc-block-grid__product\">\n\t\t\t\t<a href=\"https:\/\/chefkhadija.com\/%d8%b9%d8%b1%d8%a8%d9%8a\/product\/natural-extracted-olive-oil\/\" class=\"wc-block-grid__product-link\">\n\t\t\t\t\t\n\t\t\t\t\t<div class=\"wc-block-grid__product-image\"><img decoding=\"async\" width=\"300\" height=\"300\" src=\"https:\/\/chefkhadija.com\/wp-content\/uploads\/2025\/12\/Copie-de-urbanity-1-300x300.png\" class=\"attachment-woocommerce_thumbnail size-woocommerce_thumbnail\" alt=\"\u0641\u062e\u0630 \u062f\u062c\u0627\u062c \u2013 Pilon de poulet frais \u2013 nettoy\u00e9 et d\u00e9coup\u00e9 \u2013\" srcset=\"https:\/\/chefkhadija.com\/wp-content\/uploads\/2025\/12\/Copie-de-urbanity-1-300x300.png 300w, https:\/\/chefkhadija.com\/wp-content\/uploads\/2025\/12\/Copie-de-urbanity-1-100x100.png 100w, https:\/\/chefkhadija.com\/wp-content\/uploads\/2025\/12\/Copie-de-urbanity-1-600x600.png 600w, https:\/\/chefkhadija.com\/wp-content\/uploads\/2025\/12\/Copie-de-urbanity-1-1024x1024.png 1024w, https:\/\/chefkhadija.com\/wp-content\/uploads\/2025\/12\/Copie-de-urbanity-1-150x150.png 150w, https:\/\/chefkhadija.com\/wp-content\/uploads\/2025\/12\/Copie-de-urbanity-1-768x768.png 768w, https:\/\/chefkhadija.com\/wp-content\/uploads\/2025\/12\/Copie-de-urbanity-1-12x12.png 12w, https:\/\/chefkhadija.com\/wp-content\/uploads\/2025\/12\/Copie-de-urbanity-1.png 1080w\" sizes=\"(max-width: 300px) 100vw, 300px\" \/><\/div>\n\t\t\t\t\t<div class=\"wc-block-grid__product-title\">\u0641\u062e\u0630 \u062f\u062c\u0627\u062c \u0637\u0627\u0632\u062c - \u0645\u0646\u0638\u0641 \u0648\u0645\u0642\u0637\u0639<\/div>\n\t\t\t\t<\/a>\n\t\t\t\t<div class=\"wc-block-grid__product-price price\"><span class=\"woocommerce-Price-amount amount\" aria-hidden=\"true\"><span class=\"woocommerce-Price-currencySymbol\">&#x62f;.&#x645;.<\/span>&nbsp;20,00<\/span> <span aria-hidden=\"true\">&ndash;<\/span> <span class=\"woocommerce-Price-amount amount\" aria-hidden=\"true\"><span class=\"woocommerce-Price-currencySymbol\">&#x62f;.&#x645;.<\/span>&nbsp;40,00<\/span><span class=\"screen-reader-text\" data-no-translation=\"\" data-trp-gettext=\"\">Price range: &#x62f;.&#x645;.&nbsp;20,00 through &#x62f;.&#x645;.&nbsp;40,00<\/span><\/div>\n\t\t\t\t\n\t\t\t\t<div class=\"wp-block-button wc-block-grid__product-add-to-cart\"><a href=\"https:\/\/chefkhadija.com\/%d8%b9%d8%b1%d8%a8%d9%8a\/product\/natural-extracted-olive-oil\/\" aria-label=\"Select options for \u201c\u0641\u062e\u0630 \u062f\u062c\u0627\u062c \u2013 Pilon de poulet frais \u2013 nettoy\u00e9 et d\u00e9coup\u00e9 \u2013\u201d\" data-quantity=\"1\" data-product_id=\"3676\" data-product_sku=\"\" data-price=\"20\" rel=\"nofollow\" class=\"wp-block-button__link  add_to_cart_button\" data-no-translation-aria-label=\"\">\u0627\u0628\u062f\u0623 \u0627\u0644\u062a\u0633\u0648\u0642<\/a><\/div>\n\t\t\t<\/li><\/ul><\/div><\/div>\n<\/div>","protected":false},"excerpt":{"rendered":"","protected":false},"author":1,"featured_media":0,"parent":0,"menu_order":0,"comment_status":"closed","ping_status":"closed","template":"","meta":{"_uag_custom_page_level_css":"","site-sidebar-layout":"default","site-content-layout":"","ast-site-content-layout":"default","site-content-style":"default","site-sidebar-style":"default","ast-global-header-display":"","ast-banner-title-visibility":"","ast-main-header-display":"","ast-hfb-above-header-display":"","ast-hfb-below-header-display":"","ast-hfb-mobile-header-display":"","site-post-title":"","ast-breadcrumbs-content":"","ast-featured-img":"","footer-sml-layout":"","ast-disable-related-posts":"","theme-transparent-header-meta":"","adv-header-id-meta":"","stick-header-meta":"","header-above-stick-meta":"","header-main-stick-meta":"","header-below-stick-meta":"","astra-migrate-meta-layouts":"set","ast-page-background-enabled":"default","ast-page-background-meta":{"desktop":{"background-color":"","background-image":"","background-repeat":"repeat","background-position":"center center","background-size":"auto","background-attachment":"scroll","background-type":"","background-media":"","overlay-type":"","overlay-color":"","overlay-opacity":"","overlay-gradient":""},"tablet":{"background-color":"","background-image":"","background-repeat":"repeat","background-position":"center center","background-size":"auto","background-attachment":"scroll","background-type":"","background-media":"","overlay-type":"","overlay-color":"","overlay-opacity":"","overlay-gradient":""},"mobile":{"background-color":"","background-image":"","background-repeat":"repeat","background-position":"center center","background-size":"auto","background-attachment":"scroll","background-type":"","background-media":"","overlay-type":"","overlay-color":"","overlay-opacity":"","overlay-gradient":""}},"ast-content-background-meta":{"desktop":{"background-color":"var(--ast-global-color-5)","background-image":"","background-repeat":"repeat","background-position":"center center","background-size":"auto","background-attachment":"scroll","background-type":"","background-media":"","overlay-type":"","overlay-color":"","overlay-opacity":"","overlay-gradient":""},"tablet":{"background-color":"var(--ast-global-color-5)","background-image":"","background-repeat":"repeat","background-position":"center center","background-size":"auto","background-attachment":"scroll","background-type":"","background-media":"","overlay-type":"","overlay-color":"","overlay-opacity":"","overlay-gradient":""},"mobile":{"background-color":"var(--ast-global-color-5)","background-image":"","background-repeat":"repeat","background-position":"center center","background-size":"auto","background-attachment":"scroll","background-type":"","background-media":"","overlay-type":"","overlay-color":"","overlay-opacity":"","overlay-gradient":""}},"footnotes":""},"class_list":["post-7","page","type-page","status-publish","hentry"],"aioseo_notices":[],"_hostinger_reach_plugin_has_subscription_block":false,"_hostinger_reach_plugin_is_elementor":false,"uagb_featured_image_src":{"full":false,"thumbnail":false,"medium":false,"medium_large":false,"large":false,"1536x1536":false,"2048x2048":false,"trp-custom-language-flag":false,"woocommerce_thumbnail":false,"woocommerce_single":false,"woocommerce_gallery_thumbnail":false},"uagb_author_info":{"display_name":"fadaoui.abdelhakim@gmail.com","author_link":"https:\/\/chefkhadija.com\/%d8%b9%d8%b1%d8%a8%d9%8a\/author\/fadaoui-abdelhakimgmail-com\/"},"uagb_comment_info":0,"uagb_excerpt":null,"_links":{"self":[{"href":"https:\/\/chefkhadija.com\/%d8%b9%d8%b1%d8%a8%d9%8a\/wp-json\/wp\/v2\/pages\/7","targetHints":{"allow":["GET"]}}],"collection":[{"href":"https:\/\/chefkhadija.com\/%d8%b9%d8%b1%d8%a8%d9%8a\/wp-json\/wp\/v2\/pages"}],"about":[{"href":"https:\/\/chefkhadija.com\/%d8%b9%d8%b1%d8%a8%d9%8a\/wp-json\/wp\/v2\/types\/page"}],"author":[{"embeddable":true,"href":"https:\/\/chefkhadija.com\/%d8%b9%d8%b1%d8%a8%d9%8a\/wp-json\/wp\/v2\/users\/1"}],"replies":[{"embeddable":true,"href":"https:\/\/chefkhadija.com\/%d8%b9%d8%b1%d8%a8%d9%8a\/wp-json\/wp\/v2\/comments?post=7"}],"version-history":[{"count":1,"href":"https:\/\/chefkhadija.com\/%d8%b9%d8%b1%d8%a8%d9%8a\/wp-json\/wp\/v2\/pages\/7\/revisions"}],"predecessor-version":[{"id":5675,"href":"https:\/\/chefkhadija.com\/%d8%b9%d8%b1%d8%a8%d9%8a\/wp-json\/wp\/v2\/pages\/7\/revisions\/5675"}],"wp:attachment":[{"href":"https:\/\/chefkhadija.com\/%d8%b9%d8%b1%d8%a8%d9%8a\/wp-json\/wp\/v2\/media?parent=7"}],"curies":[{"name":"wp","href":"https:\/\/api.w.org\/{rel}","templated":true}]}}