{"id":5743,"date":"2025-12-27T10:15:32","date_gmt":"2025-12-27T10:15:32","guid":{"rendered":"https:\/\/chefkhadija.com\/?post_type=product&#038;p=5743"},"modified":"2025-12-31T12:23:16","modified_gmt":"2025-12-31T11:23:16","slug":"pack-3-poulets-entiers-frais-nettoyes-prets-a-cuisiner","status":"publish","type":"product","link":"https:\/\/chefkhadija.com\/%d8%b9%d8%b1%d8%a8%d9%8a\/product\/pack-3-poulets-entiers-frais-nettoyes-prets-a-cuisiner\/","title":{"rendered":"\u062f\u062c\u0627\u062c\u0629 \u0643\u0627\u0645\u0644\u0629 \u0637\u0631\u064a\u0629 \u0648\u0627\u062c\u062f\u0629 \u0644\u0644\u0637\u064a\u0627\u0628"},"content":{"rendered":"<p data-start=\"456\" data-end=\"775\"><strong data-start=\"459\" data-end=\"491\">Poulets Entiers Frais<\/strong> \u064a\u064f\u0639\u062f\u0651 \u0647\u0630\u0627 \u0627\u0644\u062d\u0644 \u0627\u0644\u0623\u0645\u062b\u0644 \u0644\u0644\u0639\u0627\u0626\u0644\u0627\u062a\u060c \u0648\u0627\u0644\u062a\u062c\u0645\u0639\u0627\u062a \u0627\u0644\u0643\u0628\u064a\u0631\u0629\u060c \u0623\u0648 \u0644\u062a\u062d\u0636\u064a\u0631 \u0639\u062f\u0629 \u0648\u062c\u0628\u0627\u062a \u0645\u0633\u0628\u0642\u064b\u0627. \u0643\u0644 \u062f\u062c\u0627\u062c\u0629 <strong data-start=\"621\" data-end=\"646\">\u0645\u062e\u062a\u0627\u0631\u0629 \u0628\u0639\u0646\u0627\u064a\u0629<\/strong>, <strong data-start=\"648\" data-end=\"699\">\u062a\u0645 \u062a\u0646\u0638\u064a\u0641\u0647\u0627 \u062c\u064a\u062f\u0627\u064b \u0628\u0627\u0644\u062d\u0627\u0645\u0636 \u0648\u0627\u0644\u062e\u0644<\/strong>\u062b\u0645 \u064a\u062a\u0645 \u062a\u062d\u0636\u064a\u0631\u0647\u0627 \u0648\u0641\u0642\u064b\u0627 \u0644\u0645\u0639\u0627\u064a\u064a\u0631 \u0627\u0644\u0646\u0638\u0627\u0641\u0629 \u0648\u0627\u0644\u062c\u0648\u062f\u0629 <strong data-start=\"758\" data-end=\"774\">\u062e\u062f\u064a\u062c\u0629 \u062f\u062c\u0627\u062c<\/strong>.<\/p>\n<p data-start=\"777\" data-end=\"1067\">\u0639\u0644\u0649 \u0639\u0643\u0633 \u0627\u0644\u062f\u062c\u0627\u062c \u0627\u0644\u0630\u064a \u064a\u064f\u0628\u0627\u0639 \u0628\u062f\u0648\u0646 \u062a\u062d\u0636\u064a\u0631\u060c \u0641\u0625\u0646 \u062f\u062c\u0627\u062c\u0646\u0627 \u0627\u0644\u0643\u0627\u0645\u0644 <strong data-start=\"855\" data-end=\"889\">\u062c\u0627\u0647\u0632 \u0644\u0644\u0637\u0647\u064a \u0639\u0646\u062f \u0627\u0644\u0648\u0635\u0648\u0644<\/strong>\u064a\u0645\u0643\u0646 \u062a\u0648\u0635\u064a\u0644\u0647\u0627. <strong data-start=\"915\" data-end=\"925\">\u0637\u0628\u064a\u0639\u064a<\/strong>, <strong data-start=\"927\" data-end=\"941\">\u0645\u0646\u0643\u0647<\/strong>\u0623\u0648 <strong data-start=\"946\" data-end=\"968\">\u0645\u062a\u0628\u0644 \u0642\u0644\u064a\u0644\u0627\u064b<\/strong> \u062d\u0633\u0628 \u062a\u0641\u0636\u064a\u0644\u0627\u062a\u0643\u060c \u0648\u0630\u0644\u0643 \u0644\u062a\u0648\u0641\u064a\u0631 \u0648\u0642\u062a\u0643 \u0645\u0639 \u0636\u0645\u0627\u0646 \u0627\u0644\u0646\u0636\u0627\u0631\u0629 \u0648\u0627\u0644\u0645\u0630\u0627\u0642.<\/p>\n<p data-start=\"1069\" data-end=\"1225\">\u064a\u0636\u0645\u0646 \u0644\u0643 \u0647\u0627\u062f \u0627\u0644\u0628\u0627\u0643 <strong data-start=\"1092\" data-end=\"1126\">\u0623\u062d\u0633\u0646 \u062c\u0648\u062f\u0629 \u0628\u0623\u062d\u0633\u0646 \u062a\u0645\u0646<\/strong>, une <strong data-start=\"1132\" data-end=\"1159\">\u0646\u0636\u0627\u0631\u0629 \u0644\u0627 \u062a\u0634\u0648\u0628\u0647\u0627 \u0634\u0627\u0626\u0628\u0629<\/strong>\u0648 <strong data-start=\"1168\" data-end=\"1224\">\u062e\u062f\u0645\u0629 \u062a\u0648\u0635\u064a\u0644 \u0633\u0631\u064a\u0639\u0629 \u0644\u0644\u0645\u0646\u0627\u0632\u0644 \u0641\u064a \u0627\u0644\u062f\u0627\u0631 \u0627\u0644\u0628\u064a\u0636\u0627\u0621<\/strong>.<\/p>\n<ul>\n<li data-start=\"1287\" data-end=\"1324\">\u062f\u062c\u0627\u062c\u0629 \u0643\u0627\u0645\u0644\u0629 \u0637\u0627\u0632\u062c\u0629\u060c \u063a\u064a\u0631 \u0645\u062c\u0645\u062f\u0629 \u0623\u0628\u062f\u0627\u064b<\/li>\n<li data-start=\"1327\" data-end=\"1361\">\u062a\u0645 \u062a\u0646\u0638\u064a\u0641\u0647 \u0628\u0627\u0644\u062d\u0627\u0645\u0636 \u0648\u0627\u0644\u062e\u0644<\/li>\n<li data-start=\"1364\" data-end=\"1390\">\u0627\u0639\u062f\u0627\u062f \u0645\u0646\u0632\u0644\u064a \u0628\u0639\u0646\u0627\u064a\u0629<\/li>\n<li data-start=\"1393\" data-end=\"1422\">\u062e\u064a\u0627\u0631 \u0637\u0628\u064a\u0639\u064a \u0623\u0648 \u0628\u0646\u0643\u0647\u0629<\/li>\n<li data-start=\"1425\" data-end=\"1467\">\u0645\u062b\u0627\u0644\u064a \u0644\u0644\u0639\u0627\u0626\u0644\u0627\u062a \u0648\u0627\u0644\u0643\u0645\u064a\u0627\u062a \u0627\u0644\u0643\u0628\u064a\u0631\u0629<\/li>\n<li data-start=\"1470\" data-end=\"1497\">\u062a\u0648\u0635\u064a\u0644 \u0633\u0631\u064a\u0639 \u062d\u062a\u0649 \u0644\u0644\u062f\u0627\u0631<\/li>\n<\/ul>","protected":false},"excerpt":{"rendered":"<p data-start=\"456\" data-end=\"775\"><strong data-start=\"459\" data-end=\"491\"><span dir=\"auto\" style=\"vertical-align: inherit;\"><span dir=\"auto\" style=\"vertical-align: inherit;\">Poulets Entiers Frais<\/span><\/span><\/strong><span dir=\"auto\" style=\"vertical-align: inherit;\"><span dir=\"auto\" style=\"vertical-align: inherit;\"> \u064a\u064f\u0639\u062f\u0651 \u0647\u0630\u0627 \u0627\u0644\u062d\u0644 \u0627\u0644\u0623\u0645\u062b\u0644 \u0644\u0644\u0639\u0627\u0626\u0644\u0627\u062a\u060c \u0648\u0627\u0644\u062a\u062c\u0645\u0639\u0627\u062a \u0627\u0644\u0643\u0628\u064a\u0631\u0629\u060c \u0623\u0648 \u0644\u062a\u062d\u0636\u064a\u0631 \u0639\u062f\u0629 \u0648\u062c\u0628\u0627\u062a \u0645\u0633\u0628\u0642\u064b\u0627. \u0643\u0644 \u062f\u062c\u0627\u062c\u0629 <\/span><\/span><strong data-start=\"621\" data-end=\"646\"><span dir=\"auto\" style=\"vertical-align: inherit;\"><span dir=\"auto\" style=\"vertical-align: inherit;\">\u0645\u062e\u062a\u0627\u0631\u0629 \u0628\u0639\u0646\u0627\u064a\u0629<\/span><\/span><\/strong><span dir=\"auto\" style=\"vertical-align: inherit;\"><span dir=\"auto\" style=\"vertical-align: inherit;\">, <\/span><\/span><strong data-start=\"648\" data-end=\"699\"><span dir=\"auto\" style=\"vertical-align: inherit;\"><span dir=\"auto\" style=\"vertical-align: inherit;\">\u062a\u0645 \u062a\u0646\u0638\u064a\u0641\u0647\u0627 \u062c\u064a\u062f\u0627\u064b \u0628\u0627\u0644\u062d\u0627\u0645\u0636 \u0648\u0627\u0644\u062e\u0644<\/span><\/span><\/strong><span dir=\"auto\" style=\"vertical-align: inherit;\"><span dir=\"auto\" style=\"vertical-align: inherit;\">\u062b\u0645 \u064a\u062a\u0645 \u062a\u062d\u0636\u064a\u0631\u0647\u0627 \u0648\u0641\u0642\u064b\u0627 \u0644\u0645\u0639\u0627\u064a\u064a\u0631 \u0627\u0644\u0646\u0638\u0627\u0641\u0629 \u0648\u0627\u0644\u062c\u0648\u062f\u0629 <\/span><\/span><strong data-start=\"758\" data-end=\"774\"><span dir=\"auto\" style=\"vertical-align: inherit;\"><span dir=\"auto\" style=\"vertical-align: inherit;\">\u062e\u062f\u064a\u062c\u0629 \u062f\u062c\u0627\u062c<\/span><\/span><\/strong><span dir=\"auto\" style=\"vertical-align: inherit;\"><span dir=\"auto\" style=\"vertical-align: inherit;\">.<\/span><\/span><\/p>\n<p data-start=\"1069\" data-end=\"1225\"><span dir=\"auto\" style=\"vertical-align: inherit;\"><span dir=\"auto\" style=\"vertical-align: inherit;\">\u064a\u0636\u0645\u0646 \u0644\u0643 \u0647\u0627\u062f \u0627\u0644\u0628\u0627\u0643 <\/span><\/span><strong data-start=\"1092\" data-end=\"1126\"><span dir=\"auto\" style=\"vertical-align: inherit;\"><span dir=\"auto\" style=\"vertical-align: inherit;\">\u0623\u062d\u0633\u0646 \u062c\u0648\u062f\u0629 \u0628\u0623\u062d\u0633\u0646 \u062a\u0645\u0646<\/span><\/span><\/strong><span dir=\"auto\" style=\"vertical-align: inherit;\"><span dir=\"auto\" style=\"vertical-align: inherit;\">, une <\/span><\/span><strong data-start=\"1132\" data-end=\"1159\"><span dir=\"auto\" style=\"vertical-align: inherit;\"><span dir=\"auto\" style=\"vertical-align: inherit;\">\u0646\u0636\u0627\u0631\u0629 \u0644\u0627 \u062a\u0634\u0648\u0628\u0647\u0627 \u0634\u0627\u0626\u0628\u0629<\/span><\/span><\/strong><span dir=\"auto\" style=\"vertical-align: inherit;\"><span dir=\"auto\" style=\"vertical-align: inherit;\">\u0648 <\/span><\/span><strong data-start=\"1168\" data-end=\"1224\"><span dir=\"auto\" style=\"vertical-align: inherit;\"><span dir=\"auto\" style=\"vertical-align: inherit;\">\u062e\u062f\u0645\u0629 \u062a\u0648\u0635\u064a\u0644 \u0633\u0631\u064a\u0639\u0629 \u0644\u0644\u0645\u0646\u0627\u0632\u0644 \u0641\u064a \u0627\u0644\u062f\u0627\u0631 \u0627\u0644\u0628\u064a\u0636\u0627\u0621<\/span><\/span><\/strong><span dir=\"auto\" style=\"vertical-align: inherit;\"><span dir=\"auto\" style=\"vertical-align: inherit;\">.<\/span><\/span><\/p>\n<ul>\n<li data-start=\"1287\" data-end=\"1324\"><span dir=\"auto\" style=\"vertical-align: inherit;\"><span dir=\"auto\" style=\"vertical-align: inherit;\">\u062f\u062c\u0627\u062c\u0629 \u0643\u0627\u0645\u0644\u0629 \u0637\u0627\u0632\u062c\u0629\u060c \u063a\u064a\u0631 \u0645\u062c\u0645\u062f\u0629 \u0623\u0628\u062f\u0627\u064b<\/span><\/span><\/li>\n<li data-start=\"1327\" data-end=\"1361\"><span dir=\"auto\" style=\"vertical-align: inherit;\"><span dir=\"auto\" style=\"vertical-align: inherit;\">\u062a\u0645 \u062a\u0646\u0638\u064a\u0641\u0647 \u0628\u0627\u0644\u062d\u0627\u0645\u0636 \u0648\u0627\u0644\u062e\u0644<\/span><\/span><\/li>\n<li data-start=\"1364\" data-end=\"1390\"><span dir=\"auto\" style=\"vertical-align: inherit;\"><span dir=\"auto\" style=\"vertical-align: inherit;\">\u0627\u0639\u062f\u0627\u062f \u0645\u0646\u0632\u0644\u064a \u0628\u0639\u0646\u0627\u064a\u0629<\/span><\/span><\/li>\n<li data-start=\"1393\" data-end=\"1422\"><span dir=\"auto\" style=\"vertical-align: inherit;\"><span dir=\"auto\" style=\"vertical-align: inherit;\">\u062e\u064a\u0627\u0631 \u0637\u0628\u064a\u0639\u064a \u0623\u0648 \u0628\u0646\u0643\u0647\u0629<\/span><\/span><\/li>\n<li data-start=\"1425\" data-end=\"1467\"><span dir=\"auto\" style=\"vertical-align: inherit;\"><span dir=\"auto\" style=\"vertical-align: inherit;\">\u0645\u062b\u0627\u0644\u064a \u0644\u0644\u0639\u0627\u0626\u0644\u0627\u062a \u0648\u0627\u0644\u0643\u0645\u064a\u0627\u062a \u0627\u0644\u0643\u0628\u064a\u0631\u0629<\/span><\/span><\/li>\n<li data-start=\"1470\" data-end=\"1497\"><span dir=\"auto\" style=\"vertical-align: inherit;\"><span dir=\"auto\" style=\"vertical-align: inherit;\">\u062a\u0648\u0635\u064a\u0644 \u0633\u0631\u064a\u0639 \u062d\u062a\u0649 \u0644\u0644\u062f\u0627\u0631<\/span><\/span><\/li>\n<\/ul>","protected":false},"featured_media":5760,"template":"","meta":{"_uag_custom_page_level_css":"","site-sidebar-layout":"default","site-content-layout":"","ast-site-content-layout":"default","site-content-style":"default","site-sidebar-style":"default","ast-global-header-display":"","ast-banner-title-visibility":"","ast-main-header-display":"","ast-hfb-above-header-display":"","ast-hfb-below-header-display":"","ast-hfb-mobile-header-display":"","site-post-title":"","ast-breadcrumbs-content":"","ast-featured-img":"","footer-sml-layout":"","ast-disable-related-posts":"","theme-transparent-header-meta":"default","adv-header-id-meta":"","stick-header-meta":"","header-above-stick-meta":"","header-main-stick-meta":"","header-below-stick-meta":"","astra-migrate-meta-layouts":"set","ast-page-background-enabled":"default","ast-page-background-meta":{"desktop":{"background-color":"","background-image":"","background-repeat":"repeat","background-position":"center center","background-size":"auto","background-attachment":"scroll","background-type":"","background-media":"","overlay-type":"","overlay-color":"","overlay-opacity":"","overlay-gradient":""},"tablet":{"background-color":"","background-image":"","background-repeat":"repeat","background-position":"center center","background-size":"auto","background-attachment":"scroll","background-type":"","background-media":"","overlay-type":"","overlay-color":"","overlay-opacity":"","overlay-gradient":""},"mobile":{"background-color":"","background-image":"","background-repeat":"repeat","background-position":"center center","background-size":"auto","background-attachment":"scroll","background-type":"","background-media":"","overlay-type":"","overlay-color":"","overlay-opacity":"","overlay-gradient":""}},"ast-content-background-meta":{"desktop":{"background-color":"var(--ast-global-color-5)","background-image":"","background-repeat":"repeat","background-position":"center center","background-size":"auto","background-attachment":"scroll","background-type":"","background-media":"","overlay-type":"","overlay-color":"","overlay-opacity":"","overlay-gradient":""},"tablet":{"background-color":"var(--ast-global-color-5)","background-image":"","background-repeat":"repeat","background-position":"center center","background-size":"auto","background-attachment":"scroll","background-type":"","background-media":"","overlay-type":"","overlay-color":"","overlay-opacity":"","overlay-gradient":""},"mobile":{"background-color":"var(--ast-global-color-5)","background-image":"","background-repeat":"repeat","background-position":"center center","background-size":"auto","background-attachment":"scroll","background-type":"","background-media":"","overlay-type":"","overlay-color":"","overlay-opacity":"","overlay-gradient":""}}},"product_brand":[],"product_cat":[16],"product_tag":[],"class_list":{"0":"post-5743","1":"product","2":"type-product","3":"status-publish","4":"has-post-thumbnail","6":"product_cat-poulet-frais-prepare","7":"desktop-align-center","8":"tablet-align-center","9":"mobile-align-center","11":"first","12":"instock","13":"featured","14":"shipping-taxable","15":"purchasable","16":"product-type-variable","17":"has-default-attributes"},"aioseo_notices":[],"uagb_featured_image_src":{"full":["https:\/\/chefkhadija.com\/wp-content\/uploads\/2025\/12\/Copie-de-urbanity-4-1.png",1080,1080,false],"thumbnail":["https:\/\/chefkhadija.com\/wp-content\/uploads\/2025\/12\/Copie-de-urbanity-4-1-150x150.png",150,150,true],"medium":["https:\/\/chefkhadija.com\/wp-content\/uploads\/2025\/12\/Copie-de-urbanity-4-1-300x300.png",300,300,true],"medium_large":["https:\/\/chefkhadija.com\/wp-content\/uploads\/2025\/12\/Copie-de-urbanity-4-1-768x768.png",768,768,true],"large":["https:\/\/chefkhadija.com\/wp-content\/uploads\/2025\/12\/Copie-de-urbanity-4-1-1024x1024.png",1024,1024,true],"1536x1536":["https:\/\/chefkhadija.com\/wp-content\/uploads\/2025\/12\/Copie-de-urbanity-4-1.png",1080,1080,false],"2048x2048":["https:\/\/chefkhadija.com\/wp-content\/uploads\/2025\/12\/Copie-de-urbanity-4-1.png",1080,1080,false],"trp-custom-language-flag":["https:\/\/chefkhadija.com\/wp-content\/uploads\/2025\/12\/Copie-de-urbanity-4-1-12x12.png",12,12,true],"woocommerce_thumbnail":["https:\/\/chefkhadija.com\/wp-content\/uploads\/2025\/12\/Copie-de-urbanity-4-1-300x300.png",300,300,true],"woocommerce_single":["https:\/\/chefkhadija.com\/wp-content\/uploads\/2025\/12\/Copie-de-urbanity-4-1.png",1080,1080,false],"woocommerce_gallery_thumbnail":["https:\/\/chefkhadija.com\/wp-content\/uploads\/2025\/12\/Copie-de-urbanity-4-1-100x100.png",100,100,true]},"uagb_author_info":{"display_name":"fadaoui.abdelhakim@gmail.com","author_link":"https:\/\/chefkhadija.com\/%d8%b9%d8%b1%d8%a8%d9%8a\/author\/"},"uagb_comment_info":0,"uagb_excerpt":"Poulets Entiers Frais est la solution id\u00e9ale pour les familles, les grandes tabl\u00e9es ou la pr\u00e9paration de plusieurs repas \u00e0 l\u2019avance. Chaque poulet est s\u00e9lectionn\u00e9 avec soin, nettoy\u00e9 minutieusement au citron et au vinaigre, puis pr\u00e9par\u00e9 selon les standards d\u2019hygi\u00e8ne et de qualit\u00e9 Khadija Djaj. Ce pack vous assure un excellent rapport qualit\u00e9-prix, une fra\u00eecheur&hellip;","_links":{"self":[{"href":"https:\/\/chefkhadija.com\/%d8%b9%d8%b1%d8%a8%d9%8a\/wp-json\/wp\/v2\/product\/5743","targetHints":{"allow":["GET"]}}],"collection":[{"href":"https:\/\/chefkhadija.com\/%d8%b9%d8%b1%d8%a8%d9%8a\/wp-json\/wp\/v2\/product"}],"about":[{"href":"https:\/\/chefkhadija.com\/%d8%b9%d8%b1%d8%a8%d9%8a\/wp-json\/wp\/v2\/types\/product"}],"wp:featuredmedia":[{"embeddable":true,"href":"https:\/\/chefkhadija.com\/%d8%b9%d8%b1%d8%a8%d9%8a\/wp-json\/wp\/v2\/media\/5760"}],"wp:attachment":[{"href":"https:\/\/chefkhadija.com\/%d8%b9%d8%b1%d8%a8%d9%8a\/wp-json\/wp\/v2\/media?parent=5743"}],"wp:term":[{"taxonomy":"product_brand","embeddable":true,"href":"https:\/\/chefkhadija.com\/%d8%b9%d8%b1%d8%a8%d9%8a\/wp-json\/wp\/v2\/product_brand?post=5743"},{"taxonomy":"product_cat","embeddable":true,"href":"https:\/\/chefkhadija.com\/%d8%b9%d8%b1%d8%a8%d9%8a\/wp-json\/wp\/v2\/product_cat?post=5743"},{"taxonomy":"product_tag","embeddable":true,"href":"https:\/\/chefkhadija.com\/%d8%b9%d8%b1%d8%a8%d9%8a\/wp-json\/wp\/v2\/product_tag?post=5743"}],"curies":[{"name":"wp","href":"https:\/\/api.w.org\/{rel}","templated":true}]}}